{"id":27,"date":"2021-12-06T00:44:34","date_gmt":"2021-12-06T00:44:34","guid":{"rendered":"http:\/\/academiamineiradeilusionismo.com\/site\/home\/"},"modified":"2021-12-06T14:06:08","modified_gmt":"2021-12-06T14:06:08","slug":"home","status":"publish","type":"page","link":"https:\/\/academiamineiradeilusionismo.com\/site\/","title":{"rendered":""},"content":{"rendered":"\n<figure class=\"wp-block-table\"><table><tbody><tr><td class=\"has-text-align-center\" data-align=\"center\"><img decoding=\"async\" loading=\"lazy\" src=\"https:\/\/web.archive.org\/web\/20181221022152im_\/https:\/\/amisite.com.br\/wp-content\/uploads\/2018\/05\/ami-1-300x150.png\" alt=\"\" width=\"280\" height=\"140\" srcset=\"https:\/\/web.archive.org\/web\/20181221022152im_\/https:\/\/amisite.com.br\/wp-content\/uploads\/2018\/05\/ami-1-300x150.png 300w, https:\/\/web.archive.org\/web\/20181221022152im_\/https:\/\/amisite.com.br\/wp-content\/uploads\/2018\/05\/ami-1-768x384.png 768w, https:\/\/web.archive.org\/web\/20181221022152im_\/https:\/\/amisite.com.br\/wp-content\/uploads\/2018\/05\/ami-1-840x420.png 840w, https:\/\/web.archive.org\/web\/20181221022152im_\/https:\/\/amisite.com.br\/wp-content\/uploads\/2018\/05\/ami-1.png 1000w\"><\/td><td class=\"has-text-align-center\" data-align=\"center\"><img decoding=\"async\" loading=\"lazy\" src=\"https:\/\/web.archive.org\/web\/20181221022152im_\/https:\/\/amisite.com.br\/wp-content\/uploads\/2018\/05\/foto-2-1024x512-300x150.jpg\" alt=\"\" width=\"280\" height=\"140\" srcset=\"https:\/\/web.archive.org\/web\/20181221022152im_\/https:\/\/amisite.com.br\/wp-content\/uploads\/2018\/05\/foto-2-1024x512-300x150.jpg 300w, https:\/\/web.archive.org\/web\/20181221022152im_\/https:\/\/amisite.com.br\/wp-content\/uploads\/2018\/05\/foto-2-1024x512-768x384.jpg 768w, https:\/\/web.archive.org\/web\/20181221022152im_\/https:\/\/amisite.com.br\/wp-content\/uploads\/2018\/05\/foto-2-1024x512.jpg 1024w, https:\/\/web.archive.org\/web\/20181221022152im_\/https:\/\/amisite.com.br\/wp-content\/uploads\/2018\/05\/foto-2-1024x512-840x420.jpg 840w\"><\/td><td class=\"has-text-align-center\" data-align=\"center\"><img decoding=\"async\" loading=\"lazy\" src=\"https:\/\/web.archive.org\/web\/20181221022152im_\/https:\/\/amisite.com.br\/wp-content\/uploads\/2018\/05\/M%C3%A1gicos2-1024x512-300x150.jpg\" alt=\"\" width=\"280\" height=\"140\" srcset=\"https:\/\/web.archive.org\/web\/20181221022152im_\/https:\/\/amisite.com.br\/wp-content\/uploads\/2018\/05\/M\u00e1gicos2-1024x512-300x150.jpg 300w, https:\/\/web.archive.org\/web\/20181221022152im_\/https:\/\/amisite.com.br\/wp-content\/uploads\/2018\/05\/M\u00e1gicos2-1024x512-768x384.jpg 768w, https:\/\/web.archive.org\/web\/20181221022152im_\/https:\/\/amisite.com.br\/wp-content\/uploads\/2018\/05\/M\u00e1gicos2-1024x512.jpg 1024w, https:\/\/web.archive.org\/web\/20181221022152im_\/https:\/\/amisite.com.br\/wp-content\/uploads\/2018\/05\/M\u00e1gicos2-1024x512-840x420.jpg 840w\"><\/td><\/tr><tr><td class=\"has-text-align-center\" data-align=\"center\"><strong>Eventos e Shows<\/strong><br>Um dos objetivos de nossa entidade \u00e9 propagar a Arte M\u00e1gica por todo o Brasil. Levando e apoiando festivais, shows, espet\u00e1culos de m\u00e1gicas e ilus\u00f5es em teatros, pra\u00e7as e centros culturais. Fique de olho na nossa agenda!<\/td><td class=\"has-text-align-center\" data-align=\"center\"><strong>Conhecimento<\/strong><br>A AMI tamb\u00e9m cuida do crescimento e desenvolvimento da qualidade art\u00edstica dos m\u00e1gicos mineiros, levando conhecimento e informa\u00e7\u00e3o, atrav\u00e9s de palestras, confer\u00eancias, rodadas de discuss\u00f5es e troca de ideias.<\/td><td class=\"has-text-align-center\" data-align=\"center\"><strong>M\u00e1gicos para seu evento<\/strong><br>Aqui no site da AMI voc\u00ea pode conhecer alguns m\u00e1gicos mineiros, que trabalham em diversos seguimentos, como m\u00e1gicas para crian\u00e7as, adultos, empresas, etc. <a href=\"http:\/\/academiamineiradeilusionismo.com\/site\/magicos\/\" data-type=\"page\" data-id=\"48\">Clique aqui<\/a> para conhecer os artistas filiados \u00e0 Academia Mineira de Ilusionismo.<\/td><\/tr><\/tbody><\/table><\/figure>\n","protected":false},"excerpt":{"rendered":"<p>Eventos e ShowsUm dos objetivos de nossa entidade \u00e9 propagar a Arte M\u00e1gica por todo o Brasil. Levando e apoiando festivais, shows, espet\u00e1culos de m\u00e1gicas e ilus\u00f5es em teatros, pra\u00e7as e centros culturais. Fique de olho na nossa agenda! ConhecimentoA AMI tamb\u00e9m cuida do crescimento e desenvolvimento da qualidade art\u00edstica dos m\u00e1gicos mineiros, levando conhecimento&hellip;&nbsp;<a href=\"https:\/\/academiamineiradeilusionismo.com\/site\/\" class=\"\" rel=\"bookmark\">Continue a ler &raquo;<span class=\"screen-reader-text\"><\/span><\/a><\/p>\n","protected":false},"author":1,"featured_media":0,"parent":0,"menu_order":0,"comment_status":"closed","ping_status":"closed","template":"","meta":{"neve_meta_sidebar":"","neve_meta_container":"","neve_meta_enable_content_width":"","neve_meta_content_width":0,"neve_meta_title_alignment":"","neve_meta_author_avatar":"","neve_post_elements_order":"","neve_meta_disable_header":"","neve_meta_disable_footer":"","neve_meta_disable_title":""},"_links":{"self":[{"href":"https:\/\/academiamineiradeilusionismo.com\/site\/wp-json\/wp\/v2\/pages\/27"}],"collection":[{"href":"https:\/\/academiamineiradeilusionismo.com\/site\/wp-json\/wp\/v2\/pages"}],"about":[{"href":"https:\/\/academiamineiradeilusionismo.com\/site\/wp-json\/wp\/v2\/types\/page"}],"author":[{"embeddable":true,"href":"https:\/\/academiamineiradeilusionismo.com\/site\/wp-json\/wp\/v2\/users\/1"}],"replies":[{"embeddable":true,"href":"https:\/\/academiamineiradeilusionismo.com\/site\/wp-json\/wp\/v2\/comments?post=27"}],"version-history":[{"count":5,"href":"https:\/\/academiamineiradeilusionismo.com\/site\/wp-json\/wp\/v2\/pages\/27\/revisions"}],"predecessor-version":[{"id":87,"href":"https:\/\/academiamineiradeilusionismo.com\/site\/wp-json\/wp\/v2\/pages\/27\/revisions\/87"}],"wp:attachment":[{"href":"https:\/\/academiamineiradeilusionismo.com\/site\/wp-json\/wp\/v2\/media?parent=27"}],"curies":[{"name":"wp","href":"https:\/\/api.w.org\/{rel}","templated":true}]}}

<figure class="wp-block-table"><table><tbody><tr><td class="has-text-align-center" data-align="center"><img decoding="async" loading="lazy" src="https://web.archive.org/web/20181221022152im_/https://amisite.com.br/wp-content/uploads/2018/05/ami-1-300x150.png" alt="" width="280" height="140" srcset="https://web.archive.org/web/20181221022152im_/https://amisite.com.br/wp-content/uploads/2018/05/ami-1-300x150.png 300w, https://web.archive.org/web/20181221022152im_/https://amisite.com.br/wp-content/uploads/2018/05/ami-1-768x384.png 768w, https://web.archive.org/web/20181221022152im_/https://amisite.com.br/wp-content/uploads/2018/05/ami-1-840x420.png 840w, https://web.archive.org/web/20181221022152im_/https://amisite.com.br/wp-content/uploads/2018/05/ami-1.png 1000w"></td><td class="has-text-align-center" data-align="center"><img decoding="async" loading="lazy" src="https://web.archive.org/web/20181221022152im_/https://amisite.com.br/wp-content/uploads/2018/05/foto-2-1024x512-300x150.jpg" alt="" width="280" height="140" srcset="https://web.archive.org/web/20181221022152im_/https://amisite.com.br/wp-content/uploads/2018/05/foto-2-1024x512-300x150.jpg 300w, https://web.archive.org/web/20181221022152im_/https://amisite.com.br/wp-content/uploads/2018/05/foto-2-1024x512-768x384.jpg 768w, https://web.archive.org/web/20181221022152im_/https://amisite.com.br/wp-content/uploads/2018/05/foto-2-1024x512.jpg 1024w, https://web.archive.org/web/20181221022152im_/https://amisite.com.br/wp-content/uploads/2018/05/foto-2-1024x512-840x420.jpg 840w"></td><td class="has-text-align-center" data-align="center"><img decoding="async" loading="lazy" src="https://web.archive.org/web/20181221022152im_/https://amisite.com.br/wp-content/uploads/2018/05/M%C3%A1gicos2-1024x512-300x150.jpg" alt="" width="280" height="140" srcset="https://web.archive.org/web/20181221022152im_/https://amisite.com.br/wp-content/uploads/2018/05/Mágicos2-1024x512-300x150.jpg 300w, https://web.archive.org/web/20181221022152im_/https://amisite.com.br/wp-content/uploads/2018/05/Mágicos2-1024x512-768x384.jpg 768w, https://web.archive.org/web/20181221022152im_/https://amisite.com.br/wp-content/uploads/2018/05/Mágicos2-1024x512.jpg 1024w, https://web.archive.org/web/20181221022152im_/https://amisite.com.br/wp-content/uploads/2018/05/Mágicos2-1024x512-840x420.jpg 840w"></td></tr><tr><td class="has-text-align-center" data-align="center"><strong>Eventos e Shows</strong><br>Um dos objetivos de nossa entidade é propagar a Arte Mágica por todo o Brasil. Levando e apoiando festivais, shows, espetáculos de mágicas e ilusões em teatros, praças e centros culturais. Fique de olho na nossa agenda!</td><td class="has-text-align-center" data-align="center"><strong>Conhecimento</strong><br>A AMI também cuida do crescimento e desenvolvimento da qualidade artística dos mágicos mineiros, levando conhecimento e informação, através de palestras, conferências, rodadas de discussões e troca de ideias.</td><td class="has-text-align-center" data-align="center"><strong>Mágicos para seu evento</strong><br>Aqui no site da AMI você pode conhecer alguns mágicos mineiros, que trabalham em diversos seguimentos, como mágicas para crianças, adultos, empresas, etc. <a href="http://academiamineiradeilusionismo.com/site/magicos/" data-type="page" data-id="48">Clique aqui</a> para conhecer os artistas filiados à Academia Mineira de Ilusionismo.</td></tr></tbody></table></figure>

<p>Eventos e ShowsUm dos objetivos de nossa entidade é propagar a Arte Mágica por todo o Brasil. Levando e apoiando festivais, shows, espetáculos de mágicas e ilusões em teatros, praças e centros culturais. Fique de olho na nossa agenda! ConhecimentoA AMI também cuida do crescimento e desenvolvimento da qualidade artística dos mágicos mineiros, levando conhecimento&hellip;&nbsp;<a href="https://academiamineiradeilusionismo.com/site/" class="" rel="bookmark">Continue a ler &raquo;<span class="screen-reader-text"></span></a></p>
