{"id":52,"date":"2021-12-06T13:29:16","date_gmt":"2021-12-06T13:29:16","guid":{"rendered":"http:\/\/academiamineiradeilusionismo.com\/site\/?page_id=52"},"modified":"2021-12-06T13:29:16","modified_gmt":"2021-12-06T13:29:16","slug":"diretoria","status":"publish","type":"page","link":"https:\/\/academiamineiradeilusionismo.com\/site\/diretoria\/","title":{"rendered":"Diretoria"},"content":{"rendered":"\n<p>Presidente: <strong>M\u00e1gico Hildon<\/strong><\/p>\n\n\n\n<figure class=\"wp-block-image size-full is-resized\"><img decoding=\"async\" loading=\"lazy\" src=\"http:\/\/academiamineiradeilusionismo.com\/site\/wp-content\/uploads\/2021\/12\/image.png\" alt=\"\" class=\"wp-image-53\" width=\"435\" height=\"486\" srcset=\"https:\/\/academiamineiradeilusionismo.com\/site\/wp-content\/uploads\/2021\/12\/image.png 789w, https:\/\/academiamineiradeilusionismo.com\/site\/wp-content\/uploads\/2021\/12\/image-269x300.png 269w, https:\/\/academiamineiradeilusionismo.com\/site\/wp-content\/uploads\/2021\/12\/image-768x858.png 768w\" sizes=\"(max-width: 435px) 100vw, 435px\" \/><\/figure>\n\n\n\n<p>Conselho de \u00c9tica:<\/p>\n\n\n\n<p><strong>George Rubadel<\/strong><\/p>\n\n\n\n<figure class=\"wp-block-image size-full is-resized\"><img decoding=\"async\" loading=\"lazy\" src=\"http:\/\/academiamineiradeilusionismo.com\/site\/wp-content\/uploads\/2021\/12\/image-1.png\" alt=\"\" class=\"wp-image-54\" width=\"435\" height=\"420\" srcset=\"https:\/\/academiamineiradeilusionismo.com\/site\/wp-content\/uploads\/2021\/12\/image-1.png 865w, https:\/\/academiamineiradeilusionismo.com\/site\/wp-content\/uploads\/2021\/12\/image-1-300x290.png 300w, https:\/\/academiamineiradeilusionismo.com\/site\/wp-content\/uploads\/2021\/12\/image-1-768x743.png 768w\" sizes=\"(max-width: 435px) 100vw, 435px\" \/><\/figure>\n\n\n\n<p><strong>Kradyn Junior<\/strong><\/p>\n\n\n\n<figure class=\"wp-block-image size-full is-resized\"><img decoding=\"async\" loading=\"lazy\" src=\"http:\/\/academiamineiradeilusionismo.com\/site\/wp-content\/uploads\/2021\/12\/image-2.png\" alt=\"\" class=\"wp-image-55\" width=\"435\" height=\"371\" srcset=\"https:\/\/academiamineiradeilusionismo.com\/site\/wp-content\/uploads\/2021\/12\/image-2.png 697w, https:\/\/academiamineiradeilusionismo.com\/site\/wp-content\/uploads\/2021\/12\/image-2-300x256.png 300w\" sizes=\"(max-width: 435px) 100vw, 435px\" \/><\/figure>\n\n\n\n<p><strong>M\u00e1gico Jo\u00e3o<\/strong><\/p>\n\n\n\n<figure class=\"wp-block-image size-full is-resized\"><img decoding=\"async\" loading=\"lazy\" src=\"http:\/\/academiamineiradeilusionismo.com\/site\/wp-content\/uploads\/2021\/12\/image-3.png\" alt=\"\" class=\"wp-image-56\" width=\"433\" height=\"471\" srcset=\"https:\/\/academiamineiradeilusionismo.com\/site\/wp-content\/uploads\/2021\/12\/image-3.png 729w, https:\/\/academiamineiradeilusionismo.com\/site\/wp-content\/uploads\/2021\/12\/image-3-276x300.png 276w\" sizes=\"(max-width: 433px) 100vw, 433px\" \/><\/figure>\n\n\n\n<p>M\u00e1gico Marcelo<\/p>\n\n\n\n<figure class=\"wp-block-image size-full is-resized\"><img decoding=\"async\" loading=\"lazy\" src=\"http:\/\/academiamineiradeilusionismo.com\/site\/wp-content\/uploads\/2021\/12\/image-4.png\" alt=\"\" class=\"wp-image-57\" width=\"428\" height=\"282\" srcset=\"https:\/\/academiamineiradeilusionismo.com\/site\/wp-content\/uploads\/2021\/12\/image-4.png 417w, https:\/\/academiamineiradeilusionismo.com\/site\/wp-content\/uploads\/2021\/12\/image-4-300x198.png 300w\" sizes=\"(max-width: 428px) 100vw, 428px\" \/><\/figure>\n","protected":false},"excerpt":{"rendered":"<p>Presidente: M\u00e1gico Hildon Conselho de \u00c9tica: George Rubadel Kradyn Junior M\u00e1gico Jo\u00e3o M\u00e1gico Marcelo<\/p>\n","protected":false},"author":1,"featured_media":0,"parent":0,"menu_order":0,"comment_status":"closed","ping_status":"closed","template":"","meta":{"neve_meta_sidebar":"","neve_meta_container":"","neve_meta_enable_content_width":"","neve_meta_content_width":0,"neve_meta_title_alignment":"","neve_meta_author_avatar":"","neve_post_elements_order":"","neve_meta_disable_header":"","neve_meta_disable_footer":"","neve_meta_disable_title":""},"_links":{"self":[{"href":"https:\/\/academiamineiradeilusionismo.com\/site\/wp-json\/wp\/v2\/pages\/52"}],"collection":[{"href":"https:\/\/academiamineiradeilusionismo.com\/site\/wp-json\/wp\/v2\/pages"}],"about":[{"href":"https:\/\/academiamineiradeilusionismo.com\/site\/wp-json\/wp\/v2\/types\/page"}],"author":[{"embeddable":true,"href":"https:\/\/academiamineiradeilusionismo.com\/site\/wp-json\/wp\/v2\/users\/1"}],"replies":[{"embeddable":true,"href":"https:\/\/academiamineiradeilusionismo.com\/site\/wp-json\/wp\/v2\/comments?post=52"}],"version-history":[{"count":1,"href":"https:\/\/academiamineiradeilusionismo.com\/site\/wp-json\/wp\/v2\/pages\/52\/revisions"}],"predecessor-version":[{"id":59,"href":"https:\/\/academiamineiradeilusionismo.com\/site\/wp-json\/wp\/v2\/pages\/52\/revisions\/59"}],"wp:attachment":[{"href":"https:\/\/academiamineiradeilusionismo.com\/site\/wp-json\/wp\/v2\/media?parent=52"}],"curies":[{"name":"wp","href":"https:\/\/api.w.org\/{rel}","templated":true}]}}